90 and 1702090.
130
What is the highest common factor of 29455 and 103845?
215
Calculate the greatest common divisor of 947625 and 3601500.
2625
What is the greatest common divisor of 402385 and 164453?
3499
Calculate the greatest common divisor of 533759660 and 140.
140
Calculate the greatest common factor of 33333498 and 792.
198
Calculate the highest common factor of 2268240 and 17160.
1560
What is the greatest common factor of 66 and 2416810?
22
Calculate the highest common factor of 44156801 and 468.
13
Calculate the greatest common divisor of 835662690 and 3090.
3090
What is the greatest common factor of 46 and 86091737?
23
What is the greatest common factor of 1938783 and 48279?
2541
Calculate the highest common divisor of 62715 and 9113100.
555
What is the greatest common divisor of 164129066 and 62?
62
What is the greatest common factor of 127938762 and 553?
553
What is the highest common divisor of 3233 and 19974816?
61
Calculate the greatest common divisor of 53289 and 2855259.
1719
Calculate the greatest common divisor of 4216 and 94136429.
527
Calculate the greatest common factor of 5369 and 476307.
767
What is the greatest common factor of 3597 and 1282512?
33
What is the highest common divisor of 720 and 840780?
180
What is the greatest common factor of 1304102 and 44178?
74
Calculate the greatest common factor of 7650 and 26095680.
1530
What is the greatest common divisor of 10154546 and 79856?
1426
What is the highest common divisor of 9706 and 1927676?
46
Calculate the highest common divisor of 411273 and 441.
9
What is the highest common factor of 74277 and 45206?
7
Calculate the highest common divisor of 96899 and 127028.
11
What is the highest common factor of 150 and 1022580?
30
What is the highest common divisor of 124 and 315152386?
62
What is the highest common divisor of 11894640 and 45?
15
Calculate the highest common factor of 14875 and 117929.
119
What is the highest common factor of 45285246 and 51?
51
What is the highest common factor of 117066508 and 156?
52
Calculate the greatest common factor of 63 and 24366735.
9
What is the highest common factor of 278385 and 5112435?
1005
Calculate the greatest common factor of 13792270 and 14110.
170
What is the highest common factor of 178 and 3160835?
89
What is the highest common factor of 435 and 250821?
87
Calculate the highest common divisor of 7892 and 13.
1
What is the greatest common divisor of 240 and 147694920?
120
Calculate the highest common factor of 138404 and 15568.
28
What is the highest common divisor of 517514935 and 952?
119
What is the greatest common divisor of 158 and 37425302?
158
What is the greatest common factor of 187383558 and 174?
174
Calculate the highest common factor of 1530 and 2158320.
510
Calculate the greatest common factor of 16652914 and 2.
2
What is the highest common divisor of 279344 and 5353198?
2686
Calculate the greatest common divisor of 253653345 and 495.
495
What is the greatest common factor of 129976329 and 16611?
2373
What is the highest common factor of 2105598 and 469029?
2013
What is the greatest common factor of 812692 and 52?
4
Calculate the highest common factor of 977 and 2885081.
977
What is the highest common divisor of 45123093 and 36?
9
What is the highest common divisor of 1846 and 11842090?
1846
Calculate the greatest common factor of 41800 and 171175.
25
What is the greatest common divisor of 53845 and 806630?
55
What is the greatest common factor of 18469882 and 296?
74
What is the greatest common factor of 14 and 19923554?
14
What is the greatest common divisor of 3241 and 219925?
463
What is the highest common divisor of 73563 and 1752585?
93
Calculate the greatest common factor of 109 and 408808969.
109
Calculate the highest common factor of 1002 and 83259186.
1002
Calculate the greatest common factor of 5720694957 and 837.
837
Calculate the greatest common divisor of 994917 and 175857.
2409
Calculate the highest common factor of 5581134 and 2714.
46
What is the greatest common divisor of 6222489 and 714?
21
Calculate the highest common divisor of 19844 and 492.
164
Calculate the greatest common factor of 1152977 and 182.
7
Calculate the highest common divisor of 5379 and 49578080.
163
Calculate the highest common factor of 467759520 and 7200.
1440
Calculate the greatest common factor of 217 and 19588464.
7
What is the highest common factor of 36 and 327805176?
12
What is the highest common divisor of 162533 and 8881?
107
Calculate the highest common factor of 210102 and 4902.
114
What is the highest common factor of 11740 and 288798130?
5870
Calculate the greatest common divisor of 1359570758 and 7.
7
What is the highest common factor of 126670895 and 65?
65
Calculate the highest common divisor of 55 and 1263295.
55
What is the greatest common factor of 21203 and 13424528?
3029
What is the highest common factor of 8808 and 7193256?
24
Calculate the greatest common factor of 1586634 and 16317.
777
Calculate the greatest common factor of 29065625 and 13100.
3275
Calculate the highest common factor of 28875 and 604821.
21
What is the greatest common divisor of 7832703 and 2?
1
Calculate the highest common divisor of 25 and 94566425.
25
Calculate the greatest common factor of 641462 and 86386.
1838
Calculate the highest common divisor of 71360 and 4006195.
1115
What is the highest common factor of 16 and 184807260?
4
Calculate the greatest common factor of 180 and 48693735.
45
What is the greatest common divisor of 30233 and 11907?
49
Calculate the highest common divisor of 540040816 and 32.
16
Calculate the highest common factor of 327700625 and 175.
175
Calculate the highest common factor of 924 and 102241062.
462
What is the greatest common divisor of 774 and 101794244?
86
What is the highest common divisor of 975422366 and 58?
58
What is the highest common factor of 9758124 and 3996?
108
What is the highest common divisor of 8673 and 16376689?
413
Calculate the highest common factor of 1365480 and 92160.
360
Calculate the greatest common factor of 3120 and 979140.
60
What is the highest common divisor of 149937772 and 58?
58
Calculate the highest common divisor of 148408372 and 28.
28
What is the highest common divisor of 22260268 and 12?
4
What is the highest common divisor of 7542 and 382?
2
What is the highest common divisor of 114086149 and 5470?
547
What is the highest common factor of 125768 and 51192?
632
What is the greatest common divisor of 81979 and 2062177?
73
Calculate the greatest common factor of 165715 and 856405.
1265
What is the highest common factor of 2640508 and 55796?
1508
What is the highest common factor of 21 and 23429952?
21
What is the highest common factor of 13966 and 24796633?
6983
What is the highest common divisor of 130378 and 190?
38
Calculate the highest common divisor of 51742366 and 39.
13
What is the highest common factor of 32754760 and 2760?
920
What is the highest common factor of 390478 and 4796?
22
Calculate the highest common divisor of 36 and 98135442.
18
What is the greatest common factor of 5223 and 98681621?
1741
What is the highest common divisor of 567867 and 88162?
2593
Calculate the highest common factor of 19436063 and 148.
37
Calculate the highest common factor of 43884499 and 62.
31
Calculate the greatest common divisor of 47398 and 92872.
26
What is the greatest common factor of 407344320 and 18?
18
Calculate the highest common divisor of 88 and 39967312.
88
Calculate the highest common divisor of 85 and 1733184.
17
Calculate the highest common divisor of 5479857 and 45.
9
Calculate the greatest common factor of 24081537 and 8466.
4233
Calculate the highest common divisor of 6560 and 30205520.
3280
Calculate the greatest common divisor of 972077 and 221.
17
What is the highest common factor of 1514 and 5178637?
757
Calculate the greatest common factor of 7338 and 582504.
6
What is the greatest common factor of 325 and 66870310?
65
What is the highest common factor of 11040732 and 864?
108
Calculate the highest common factor of 33929 and 1218077.
259
What is the highest common factor of 3829 and 34965?
7
What is the greatest common divisor of 125916744 and 321?
321
What is the highest common factor of 1788448 and 2?
2
What is the greatest common